{"id":19,"date":"2022-07-01T18:40:13","date_gmt":"2022-07-01T16:40:13","guid":{"rendered":"https:\/\/www.rehabilit.com\/?page_id=19"},"modified":"2023-02-16T17:06:09","modified_gmt":"2023-02-16T16:06:09","slug":"inici","status":"publish","type":"page","link":"https:\/\/www.rehabilit.com\/ca\/","title":{"rendered":"Inici"},"content":{"rendered":"<section class=\"wpb-content-wrapper\"><p>[vc_row css_animation=&#8221;&#8221; row_type=&#8221;row&#8221; use_row_as_full_screen_section=&#8221;no&#8221; type=&#8221;grid&#8221; angled_section=&#8221;no&#8221; text_align=&#8221;center&#8221; background_image_as_pattern=&#8221;without_pattern&#8221; el_class=&#8221;bg_gris pt40&#8243; z_index=&#8221;&#8221;][vc_column][vc_column_text el_class=&#8221;section_title medium sep_small&#8221;]<\/p>\n<h1 style=\"text-align: center;\">Rehabilit, especialistes en solucions contra els problemes de humitats<\/h1>\n<p>[\/vc_column_text][vc_column_text el_class=&#8221;home_intro&#8221;]<\/p>\n<p style=\"text-align: center;\">A Rehabilit ens dediquem al <strong>tractament per eliminar problemes d&#8217;humitats en edificis, tant de capil\u00b7laritat, com condensaci\u00f3 o filtraci\u00f3<\/strong>, emprant tecnologia pr\u00f2pia altament especialitzada , fruit d&#8217;una cont\u00ednua investigaci\u00f3 i oferint les m\u00e0ximes garanties.<\/p>\n<p style=\"text-align: center;\">Tamb\u00e9 oferim altres serveis com: <strong>tractaments contra t\u00e8rmits, a\u00efllament t\u00e8rmic insuflat i rehabilitaci\u00f3 de monuments i fa\u00e7anes.<\/strong><\/p>\n<p>[\/vc_column_text]<a  itemprop=\"url\" href=\"https:\/\/www.rehabilit.com\/ca\/#contacto\" target=\"_self\"  class=\"qbutton  default\" style=\"\">DEMANA PRESSUPOST SENSE COMPROM\u00cdS<\/a>[vc_separator type=&#8221;transparent&#8221; up=&#8221;10&#8243;][\/vc_column][\/vc_row][vc_row css_animation=&#8221;&#8221; row_type=&#8221;row&#8221; use_row_as_full_screen_section=&#8221;no&#8221; type=&#8221;full_width&#8221; angled_section=&#8221;no&#8221; text_align=&#8221;center&#8221; background_image_as_pattern=&#8221;without_pattern&#8221; z_index=&#8221;&#8221;][vc_column][vc_single_image image=&#8221;1354&#8243; img_size=&#8221;full&#8221; alignment=&#8221;center&#8221; qode_css_animation=&#8221;&#8221; el_class=&#8221;force_100&#8243;][\/vc_column][\/vc_row][vc_row css_animation=&#8221;&#8221; row_type=&#8221;row&#8221; use_row_as_full_screen_section=&#8221;no&#8221; type=&#8221;grid&#8221; angled_section=&#8221;no&#8221; text_align=&#8221;center&#8221; background_image_as_pattern=&#8221;without_pattern&#8221; z_index=&#8221;&#8221;][vc_column][vc_separator type=&#8221;transparent&#8221; el_class=&#8221;section_sep&#8221; up=&#8221;0&#8243; down=&#8221;0&#8243;][vc_column_text el_class=&#8221;section_title small sep&#8221;]<\/p>\n<h3 style=\"text-align: center;\">LES NOSTRES ESPECIALITATS S\u00d3N:<\/h3>\n<p>[\/vc_column_text][vc_row_inner row_type=&#8221;row&#8221; type=&#8221;full_width&#8221; text_align=&#8221;center&#8221; css_animation=&#8221;&#8221; el_class=&#8221;home_teasers&#8221;][vc_column_inner width=&#8221;1\/2&#8243;][\/vc_column_inner][vc_column_inner width=&#8221;1\/2&#8243;][\/vc_column_inner][\/vc_row_inner][vc_row_inner row_type=&#8221;row&#8221; type=&#8221;full_width&#8221; text_align=&#8221;center&#8221; css_animation=&#8221;&#8221; el_class=&#8221;home_teasers&#8221;][vc_column_inner width=&#8221;1\/3&#8243;][vc_single_image image=&#8221;1377&#8243; img_size=&#8221;full&#8221; alignment=&#8221;center&#8221; qode_css_animation=&#8221;&#8221;][vc_column_text]<\/p>\n<h3>TRACTAMENT D&#8217;HUMITATS PER CAPIL\u00b7LARITAT<\/h3>\n<p>Humitats ascendents en murs i parets de plantes baixes i soterranis.[\/vc_column_text]<a  itemprop=\"url\" href=\"https:\/\/www.rehabilit.com\/ca\/humitats-per-capil%c2%b7laritat-solucions\/\" target=\"_self\"  class=\"qbutton  default\" style=\"\">VEURE M\u00c9S<\/a>[\/vc_column_inner][vc_column_inner width=&#8221;1\/3&#8243;][vc_single_image image=&#8221;1381&#8243; img_size=&#8221;full&#8221; alignment=&#8221;center&#8221; qode_css_animation=&#8221;&#8221;][vc_column_text]<\/p>\n<h3>TRACTAMENT D&#8217;HUMITATS PER CONDENSACI\u00d3<\/h3>\n<p>Humitats produ\u00efdes per problemes de ventilaci\u00f3 o a\u00efllament t\u00e8rmic.<br \/>\n[\/vc_column_text]<a  itemprop=\"url\" href=\"https:\/\/www.rehabilit.com\/ca\/humitats-per-condensacio-solucions\/\" target=\"_self\"  class=\"qbutton  default\" style=\"\">VEURE M\u00c9S<\/a>[\/vc_column_inner][vc_column_inner width=&#8221;1\/3&#8243;][vc_single_image image=&#8221;1379&#8243; img_size=&#8221;full&#8221; alignment=&#8221;center&#8221; qode_css_animation=&#8221;&#8221;][vc_column_text]<\/p>\n<h3>TRACTAMENT D&#8217;HUMITATS PER FILTRACI\u00d3<\/h3>\n<p>Humitats produ\u00efdes per filtracions laterals d&#8217;aigua, t\u00edpiques de soterranis.[\/vc_column_text]<a  itemprop=\"url\" href=\"https:\/\/www.rehabilit.com\/ca\/humitats-per-filtracio-solucions\/\" target=\"_self\"  class=\"qbutton  default\" style=\"\">VER M\u00c1S<\/a>[\/vc_column_inner][\/vc_row_inner][vc_separator type=&#8221;transparent&#8221; el_class=&#8221;section_sep&#8221; up=&#8221;0&#8243; down=&#8221;0&#8243;][\/vc_column][\/vc_row][vc_row css_animation=&#8221;&#8221; row_type=&#8221;row&#8221; use_row_as_full_screen_section=&#8221;no&#8221; type=&#8221;grid&#8221; angled_section=&#8221;no&#8221; text_align=&#8221;center&#8221; background_image_as_pattern=&#8221;without_pattern&#8221; z_index=&#8221;&#8221; css=&#8221;.vc_custom_1672741996888{background-color: #d3dfea !important;}&#8221;][vc_column][vc_separator type=&#8221;transparent&#8221; el_class=&#8221;section_sep&#8221; up=&#8221;0&#8243; down=&#8221;0&#8243;][vc_column_text el_class=&#8221;section_title big sep&#8221;]<\/p>\n<h1 style=\"text-align: center;\"><strong>MURSEC ECO SENSE FILS<br \/>\n<\/strong><\/h1>\n<p>[\/vc_column_text][vc_column_text]<\/p>\n<div class=\"col-2 wow fadeIn\">\n<p style=\"text-align: center; font-size: 20px;\"><strong>El dispositiu sense fil multifreq\u00fc\u00e8ncia MURSEC ECO emet un senyal polsant de molt baixa freq\u00fc\u00e8ncia que actua sobre les mol\u00e8cules d&#8217;aigua presents als porus i capil\u00b7lars del mur, els canvia la polaritat i provoca que la humitat descendeixi a trav\u00e9s del mur cap al subs\u00f2l.<\/strong><\/p>\n<\/div>\n<p>[\/vc_column_text][vc_separator type=&#8221;transparent&#8221; el_class=&#8221;section_sep&#8221; up=&#8221;0&#8243; down=&#8221;0&#8243;][vc_row_inner row_type=&#8221;row&#8221; type=&#8221;full_width&#8221; text_align=&#8221;left&#8221; css_animation=&#8221;&#8221; el_class=&#8221;home_teasers&#8221;][vc_column_inner width=&#8221;1\/2&#8243;][vc_video link=&#8221;https:\/\/www.youtube.com\/watch?v=ESZ1jtx8oHs&#8221;][\/vc_column_inner][vc_column_inner width=&#8221;1\/2&#8243;][vc_column_text]<\/p>\n<div class=\"col-2 wow fadeIn\">\n<ul>\n<li style=\"text-align: left;\">Solucionem les humitats per capil\u00b7laritat amb un dispositiu electr\u00f2nic que inverteix la polaritat del mur.<\/li>\n<li style=\"text-align: left;\">Sense necessitat d&#8217;obres, de f\u00e0cil instal\u00b7laci\u00f3.<\/li>\n<li style=\"text-align: left;\">Ideal per a plantes baixes i soterranis.<\/li>\n<li style=\"text-align: left;\">No importa la composici\u00f3 ni el gruix del mur.<\/li>\n<li style=\"text-align: left;\">Assecat r\u00e0pid de les parets.<\/li>\n<li style=\"text-align: left;\">Garantia per part de la companyia d&#8217;assegurances.<\/li>\n<li style=\"text-align: left;\">El dispositiu MURSEC ECO compta amb 30 anys de garantia.<\/li>\n<\/ul>\n<\/div>\n<p>[\/vc_column_text]<a  itemprop=\"url\" href=\"https:\/\/www.rehabilit.com\/ca\/mursec-eco\/\" target=\"_self\"  class=\"qbutton  left default\" style=\"\">M\u00c9S INFORMACI\u00d3<\/a>[\/vc_column_inner][\/vc_row_inner][vc_separator type=&#8221;transparent&#8221; el_class=&#8221;section_sep&#8221; up=&#8221;0&#8243; down=&#8221;0&#8243;][\/vc_column][\/vc_row]<\/p>\n<\/section>","protected":false},"excerpt":{"rendered":"<p>[vc_row css_animation=&#8221;&#8221; row_type=&#8221;row&#8221; use_row_as_full_screen_section=&#8221;no&#8221; type=&#8221;grid&#8221; angled_section=&#8221;no&#8221; text_align=&#8221;center&#8221; background_image_as_pattern=&#8221;without_pattern&#8221; el_class=&#8221;bg_gris pt40&#8243; z_index=&#8221;&#8221;][vc_column][vc_column_text el_class=&#8221;section_title medium sep_small&#8221;] Rehabilit, especialistes en solucions contra els problemes de humitats [\/vc_column_text][vc_column_text el_class=&#8221;home_intro&#8221;] A Rehabilit ens dediquem al tractament per eliminar problemes d&#8217;humitats en edificis, tant de capil\u00b7laritat, com condensaci\u00f3 o filtraci\u00f3, emprant&#8230;<\/p>\n","protected":false},"author":1,"featured_media":0,"parent":0,"menu_order":0,"comment_status":"closed","ping_status":"closed","template":"full_width.php","meta":{"footnotes":""},"class_list":["post-19","page","type-page","status-publish","hentry"],"_links":{"self":[{"href":"https:\/\/www.rehabilit.com\/ca\/wp-json\/wp\/v2\/pages\/19","targetHints":{"allow":["GET"]}}],"collection":[{"href":"https:\/\/www.rehabilit.com\/ca\/wp-json\/wp\/v2\/pages"}],"about":[{"href":"https:\/\/www.rehabilit.com\/ca\/wp-json\/wp\/v2\/types\/page"}],"author":[{"embeddable":true,"href":"https:\/\/www.rehabilit.com\/ca\/wp-json\/wp\/v2\/users\/1"}],"replies":[{"embeddable":true,"href":"https:\/\/www.rehabilit.com\/ca\/wp-json\/wp\/v2\/comments?post=19"}],"version-history":[{"count":84,"href":"https:\/\/www.rehabilit.com\/ca\/wp-json\/wp\/v2\/pages\/19\/revisions"}],"predecessor-version":[{"id":2025,"href":"https:\/\/www.rehabilit.com\/ca\/wp-json\/wp\/v2\/pages\/19\/revisions\/2025"}],"wp:attachment":[{"href":"https:\/\/www.rehabilit.com\/ca\/wp-json\/wp\/v2\/media?parent=19"}],"curies":[{"name":"wp","href":"https:\/\/api.w.org\/{rel}","templated":true}]}}

<section class="wpb-content-wrapper"><p>[vc_row css_animation=&#8221;&#8221; row_type=&#8221;row&#8221; use_row_as_full_screen_section=&#8221;no&#8221; type=&#8221;grid&#8221; angled_section=&#8221;no&#8221; text_align=&#8221;center&#8221; background_image_as_pattern=&#8221;without_pattern&#8221; el_class=&#8221;bg_gris pt40&#8243; z_index=&#8221;&#8221;][vc_column][vc_column_text el_class=&#8221;section_title medium sep_small&#8221;]</p>
<h1 style="text-align: center;">Rehabilit, especialistes en solucions contra els problemes de humitats</h1>
<p>[/vc_column_text][vc_column_text el_class=&#8221;home_intro&#8221;]</p>
<p style="text-align: center;">A Rehabilit ens dediquem al <strong>tractament per eliminar problemes d&#8217;humitats en edificis, tant de capil·laritat, com condensació o filtració</strong>, emprant tecnologia pròpia altament especialitzada , fruit d&#8217;una contínua investigació i oferint les màximes garanties.</p>
<p style="text-align: center;">També oferim altres serveis com: <strong>tractaments contra tèrmits, aïllament tèrmic insuflat i rehabilitació de monuments i façanes.</strong></p>
<p>[/vc_column_text]<a  itemprop="url" href="https://www.rehabilit.com/ca/#contacto" target="_self"  class="qbutton  default" style="">DEMANA PRESSUPOST SENSE COMPROMÍS</a>[vc_separator type=&#8221;transparent&#8221; up=&#8221;10&#8243;][/vc_column][/vc_row][vc_row css_animation=&#8221;&#8221; row_type=&#8221;row&#8221; use_row_as_full_screen_section=&#8221;no&#8221; type=&#8221;full_width&#8221; angled_section=&#8221;no&#8221; text_align=&#8221;center&#8221; background_image_as_pattern=&#8221;without_pattern&#8221; z_index=&#8221;&#8221;][vc_column][vc_single_image image=&#8221;1354&#8243; img_size=&#8221;full&#8221; alignment=&#8221;center&#8221; qode_css_animation=&#8221;&#8221; el_class=&#8221;force_100&#8243;][/vc_column][/vc_row][vc_row css_animation=&#8221;&#8221; row_type=&#8221;row&#8221; use_row_as_full_screen_section=&#8221;no&#8221; type=&#8221;grid&#8221; angled_section=&#8221;no&#8221; text_align=&#8221;center&#8221; background_image_as_pattern=&#8221;without_pattern&#8221; z_index=&#8221;&#8221;][vc_column][vc_separator type=&#8221;transparent&#8221; el_class=&#8221;section_sep&#8221; up=&#8221;0&#8243; down=&#8221;0&#8243;][vc_column_text el_class=&#8221;section_title small sep&#8221;]</p>
<h3 style="text-align: center;">LES NOSTRES ESPECIALITATS SÓN:</h3>
<p>[/vc_column_text][vc_row_inner row_type=&#8221;row&#8221; type=&#8221;full_width&#8221; text_align=&#8221;center&#8221; css_animation=&#8221;&#8221; el_class=&#8221;home_teasers&#8221;][vc_column_inner width=&#8221;1/2&#8243;][/vc_column_inner][vc_column_inner width=&#8221;1/2&#8243;][/vc_column_inner][/vc_row_inner][vc_row_inner row_type=&#8221;row&#8221; type=&#8221;full_width&#8221; text_align=&#8221;center&#8221; css_animation=&#8221;&#8221; el_class=&#8221;home_teasers&#8221;][vc_column_inner width=&#8221;1/3&#8243;][vc_single_image image=&#8221;1377&#8243; img_size=&#8221;full&#8221; alignment=&#8221;center&#8221; qode_css_animation=&#8221;&#8221;][vc_column_text]</p>
<h3>TRACTAMENT D&#8217;HUMITATS PER CAPIL·LARITAT</h3>
<p>Humitats ascendents en murs i parets de plantes baixes i soterranis.[/vc_column_text]<a  itemprop="url" href="https://www.rehabilit.com/ca/humitats-per-capil%c2%b7laritat-solucions/" target="_self"  class="qbutton  default" style="">VEURE MÉS</a>[/vc_column_inner][vc_column_inner width=&#8221;1/3&#8243;][vc_single_image image=&#8221;1381&#8243; img_size=&#8221;full&#8221; alignment=&#8221;center&#8221; qode_css_animation=&#8221;&#8221;][vc_column_text]</p>
<h3>TRACTAMENT D&#8217;HUMITATS PER CONDENSACIÓ</h3>
<p>Humitats produïdes per problemes de ventilació o aïllament tèrmic.<br />
[/vc_column_text]<a  itemprop="url" href="https://www.rehabilit.com/ca/humitats-per-condensacio-solucions/" target="_self"  class="qbutton  default" style="">VEURE MÉS</a>[/vc_column_inner][vc_column_inner width=&#8221;1/3&#8243;][vc_single_image image=&#8221;1379&#8243; img_size=&#8221;full&#8221; alignment=&#8221;center&#8221; qode_css_animation=&#8221;&#8221;][vc_column_text]</p>
<h3>TRACTAMENT D&#8217;HUMITATS PER FILTRACIÓ</h3>
<p>Humitats produïdes per filtracions laterals d&#8217;aigua, típiques de soterranis.[/vc_column_text]<a  itemprop="url" href="https://www.rehabilit.com/ca/humitats-per-filtracio-solucions/" target="_self"  class="qbutton  default" style="">VER MÁS</a>[/vc_column_inner][/vc_row_inner][vc_separator type=&#8221;transparent&#8221; el_class=&#8221;section_sep&#8221; up=&#8221;0&#8243; down=&#8221;0&#8243;][/vc_column][/vc_row][vc_row css_animation=&#8221;&#8221; row_type=&#8221;row&#8221; use_row_as_full_screen_section=&#8221;no&#8221; type=&#8221;grid&#8221; angled_section=&#8221;no&#8221; text_align=&#8221;center&#8221; background_image_as_pattern=&#8221;without_pattern&#8221; z_index=&#8221;&#8221; css=&#8221;.vc_custom_1672741996888{background-color: #d3dfea !important;}&#8221;][vc_column][vc_separator type=&#8221;transparent&#8221; el_class=&#8221;section_sep&#8221; up=&#8221;0&#8243; down=&#8221;0&#8243;][vc_column_text el_class=&#8221;section_title big sep&#8221;]</p>
<h1 style="text-align: center;"><strong>MURSEC ECO SENSE FILS<br />
</strong></h1>
<p>[/vc_column_text][vc_column_text]</p>
<div class="col-2 wow fadeIn">
<p style="text-align: center; font-size: 20px;"><strong>El dispositiu sense fil multifreqüència MURSEC ECO emet un senyal polsant de molt baixa freqüència que actua sobre les molècules d&#8217;aigua presents als porus i capil·lars del mur, els canvia la polaritat i provoca que la humitat descendeixi a través del mur cap al subsòl.</strong></p>
</div>
<p>[/vc_column_text][vc_separator type=&#8221;transparent&#8221; el_class=&#8221;section_sep&#8221; up=&#8221;0&#8243; down=&#8221;0&#8243;][vc_row_inner row_type=&#8221;row&#8221; type=&#8221;full_width&#8221; text_align=&#8221;left&#8221; css_animation=&#8221;&#8221; el_class=&#8221;home_teasers&#8221;][vc_column_inner width=&#8221;1/2&#8243;][vc_video link=&#8221;https://www.youtube.com/watch?v=ESZ1jtx8oHs&#8221;][/vc_column_inner][vc_column_inner width=&#8221;1/2&#8243;][vc_column_text]</p>
<div class="col-2 wow fadeIn">
<ul>
<li style="text-align: left;">Solucionem les humitats per capil·laritat amb un dispositiu electrònic que inverteix la polaritat del mur.</li>
<li style="text-align: left;">Sense necessitat d&#8217;obres, de fàcil instal·lació.</li>
<li style="text-align: left;">Ideal per a plantes baixes i soterranis.</li>
<li style="text-align: left;">No importa la composició ni el gruix del mur.</li>
<li style="text-align: left;">Assecat ràpid de les parets.</li>
<li style="text-align: left;">Garantia per part de la companyia d&#8217;assegurances.</li>
<li style="text-align: left;">El dispositiu MURSEC ECO compta amb 30 anys de garantia.</li>
</ul>
</div>
<p>[/vc_column_text]<a  itemprop="url" href="https://www.rehabilit.com/ca/mursec-eco/" target="_self"  class="qbutton  left default" style="">MÉS INFORMACIÓ</a>[/vc_column_inner][/vc_row_inner][vc_separator type=&#8221;transparent&#8221; el_class=&#8221;section_sep&#8221; up=&#8221;0&#8243; down=&#8221;0&#8243;][/vc_column][/vc_row]</p>
</section>

<p>[vc_row css_animation=&#8221;&#8221; row_type=&#8221;row&#8221; use_row_as_full_screen_section=&#8221;no&#8221; type=&#8221;grid&#8221; angled_section=&#8221;no&#8221; text_align=&#8221;center&#8221; background_image_as_pattern=&#8221;without_pattern&#8221; el_class=&#8221;bg_gris pt40&#8243; z_index=&#8221;&#8221;][vc_column][vc_column_text el_class=&#8221;section_title medium sep_small&#8221;] Rehabilit, especialistes en solucions contra els problemes de humitats [/vc_column_text][vc_column_text el_class=&#8221;home_intro&#8221;] A Rehabilit ens dediquem al tractament per eliminar problemes d&#8217;humitats en edificis, tant de capil·laritat, com condensació o filtració, emprant&#8230;</p>
